base 3
-10122001020
4041220 (base 5) to base 11
44a7a
What is 2222022100022 (base 3) in base 15?
213568
What is 668593 (base 10) in base 9?
1228121
340487 (base 9) to base 5
23010134
Convert 2130333231 (base 5) to base 12.
1631025
-52530211 (base 6) to base 3
-2220000202221
-45d4aa (base 15) to base 5
-1323214220
2373763 (base 8) to base 13
19b48a
-284afb (base 16) to base 12
-a7418b
Convert -1341163 (base 9) to base 12.
-2b5903
What is -10101010000000010110 (base 2) in base 3?
-1022101012110
What is -148388 (base 10) in base 9?
-245485
Convert 7888f2 (base 16) to base 15.
a60853
What is -42413444 (base 5) in base 15?
-70d4e
23444230 (base 5) to base 3
102002222122
What is -23b8a (base 16) in base 11?
-9aa23
-481313 (base 14) to base 5
-1112240343
-4a3cce (base 16) to base 3
-100011011211201
Convert -2577052 (base 10) to base 9.
-4757041
Convert 1666437 (base 10) to base 7.
20110263
Convert 2311133323 (base 4) to base 11.
4685a6
Convert 12002221220020 (base 3) to base 13.
740c9a
30660262 (base 8) to base 3
110020212220111
What is 113283 (base 12) in base 4?
1003023003
-4b2849 (base 14) to base 3
-11212010110100
What is 289650 (base 12) in base 6?
22324140
Convert -4a0c0c (base 13) to base 4.
-12300310112
What is -3c48f2 (base 16) in base 15?
-53093e
Convert -a195 (base 14) to base 7.
-143645
313303023 (base 4) to base 15
47ac0
1340204043 (base 5) to base 16
348e31
-201321012 (base 5) to base 14
-170480
24241423 (base 5) to base 14
5cdd0
What is 3056211 (base 7) in base 14?
97b08
What is 322413 (base 5) in base 16?
2ae7
Convert -3201300110 (base 4) to base 8.
-3416024
What is 432334351 (base 6) in base 8?
35227473
2130311302 (base 5) to base 16
454c0c
-5da37b (base 14) to base 5
-1310413130
Convert 660233 (base 8) to base 14.
5a93d
What is 2422000 (base 5) in base 4?
23003002
-377807 (base 10) to base 15
-76e22
Convert -12404f (base 16) to base 8.
-4440117
Convert -232413120 (base 5) to base 7.
-12004401
215244313 (base 6) to base 14
735229
-1705632 (base 11) to base 9
-5418660
Convert -752444 (base 8) to base 5.
-31014142
Convert -3c5038 (base 13) to base 15.
-1deccd
126062 (base 9) to base 12
383b5
1261750 (base 8) to base 4
1112033220
31197a (base 11) to base 10
500301
-3374167 (base 11) to base 12
-1b89895
200330203 (base 4) to base 7
1101301
What is -501035 (base 11) in base 6?
-25142212
What is -1274320 (base 8) in base 11?
-225478
What is -276128 (base 13) in base 6?
-32253242
a589 (base 13) to base 10
22928
Convert 19171bb (base 14) to base 8.
57321241
What is 800355 (base 11) in base 2?
100111010101001111111
-170498 (base 11) to base 4
-1000133001
-8f2ddb (base 16) to base 4
-203302313123
2010581 (base 9) to base 13
2b5cb8
Convert -38582 (base 14) to base 6.
-2544130
Convert -221372 (base 9) to base 11.
-90404
What is -4444240202 (base 5) in base 3?
-200100210120010
Convert 12724616 (base 8) to base 13.
79258b
Convert -a5615 (base 11) to base 8.
-454317
51610401 (base 7) to base 6
232555020
Convert -20a13 (base 13) to base 16.
-e5cc
What is 66ba9 (base 16) in base 14?
ad4b7
a4630 (base 15) to base 5
113134040
10757057 (base 9) to base 8
23757140
Convert -a108c4 (base 13) to base 2.
-1110010001110100011011
46a3219 (base 11) to base 6
451453503
264383 (base 9) to base 7
1236336
Convert 3779d (base 16) to base 12.
ab5b9
What is -c9523 (base 13) in base 11?
-229015
What is 10112012210 (base 3) in base 10?
69411
11000101010110010 (base 2) to base 12
4a582
What is 310012010 (base 4) in base 8?
640604
36789b (base 16) to base 5
1403213234
What is -10112111211 (base 3) in base 13?
-25900
What is -20031021323 (base 4) in base 2?
-1000001101001001111011
What is 430233003 (base 6) in base 15?
9ea693
What is -6661551 (base 8) in base 7?
-21154002
-10302053 (base 6) to base 9
-512566
Convert 2826760 (base 11) to base 2.
10010100100111001001111
Convert 34122130 (base 5) to base 12.
126604
Convert 297673 (base 16) to base 11.
1596602
-69c057 (base 16) to base 14
-cc59b1
-d79b (base 16) to base 9
-83637
Convert 78b9b (base 12) to base 14.
427b1
What is 2020330414 (base 5) in base 11?
2332829
What is -27ac94 (base 15) in base 12?
-7811aa
What is -202002202202 (base 3) in base 7?
-3235403
-2806130 (base 9) to base 14
-2c11c8
Convert -1096c3 (base 13) to base 9.
-657041
1340462 (base 9) to base 6
23431432
What is -cbae0 (base 16) in base 3?
-1120101101222
-246841 (base 9) to base 11
-a227a
Convert -10110110111010110011 (base 2) to base 9.
-1361673
Convert -21202022 (base 4) to base 2.
-1001100010001010
Convert d690b1 (base 15) to base 4.
212323233112
Convert 4365421 (base 7) to base 5.
114143344
Convert -1120330110 (base 4) to base 6.
-11450340
Convert -222002001210 (base 3) to base 12.
-209040
-50945 (base 14) to base 6
-4053413
What is 20220233230 (base 4) in base 12?
912264
What is -172a1b (base 13) in base 9?
-1068845
404673 (base 8) to base 13
48a41
What is -266562 (base 12) in base 16?
-9a99a
Convert -1111001100111010000000 (base 2) to base 6.
-221225104
What is -2004470 (base 8) in base 13?
-155935
-111240330 (base 5) to base 13
-143658
What is -12231400 (base 5) in base 9?
-188435
Convert 25193a9 (base 12) to base 15.
98406c
121111110121001 (base 3) to base 10
8768116
10221012202200 (base 3) to base 8
7763151
13318 (base 15) to base 5
3431243
318944 (base 10) to base 3
121012111202
What is 1373b4 (base 13) in base 16?
737b1
Convert 5811004 (base 10) to base 12.
1b42a24
Convert -12101235 (base 7) to base 14.
-200255
What is -1320200330 (base 4) in base 15?
-9b3d8
What is 1000011001111100 (base 2) in base 14?
c792
121164030 (base 7) to base 4
130312032132
What is -1452215 (base 6) in base 4?
-110230103
8e91a (base 16) to base 9
1080036
Convert 33125 (base 11) to base 4.
23233000
What is -1000000101000011 (base 2) in base 7?
-165322
Convert 340281 (base 9) to base 2.
110001101101101010
What is 125f10 (base 16) in base 4?
10211330100
What is -3257870 (base 10) in base 14?
-60b3b0
Convert 456b72 (base 13) to base 7.
16652261
What is -27eee (base 16) in base 14?
-43874
What is 12243a (base 14) in base 13?
189859
What is 2002002002211 (base 3) in base 13?
2c8534
What is a777939 (base 11) in base 9?
38601543
What is -110871 (base 10) in base 9?
-178070
-1407463 (base 8) to base 5
-100201412
-21102120121 (base 3) to base 8
-435455
What is -7b4168 (base 12) in base 13?
-542b73
Convert a72d (base 15) to base 12.
18574
Convert -1220032231 (base 6) to base 7.
-230002600
What is 1010113210 (base 4) in base 13?
9a603
Convert 5023345 (base 6) to base 14.
62361
What is 2387774 (base 11) in base 3?
21211000201211
Convert -3234232 (base 5) to base 8.
-154417
Convert 21002002021112 (base 3) to base 9.
7062245
-1214232 (base 5) to base 16
-5a1b
What is -131165 (base 9) in base 16?
-136f1
Convert -24765731 (base 8) to base 11.
-3117148
Convert -55a25 (base 11) to base 13.
-2abb3
What is -213303022330 (base 4) in base 6?
-1011341524
11240440 (base 5) to base 10
102620
125920 (base 11) to base 5
22314344
What is 19325a (base 12) in base 15?
8a9ed
Convert da9d95 (base 15) to base 6.
1011053405
Convert 201333331220 (base 4) to base 14.
1280128
-d14cc7 (base 14) to base 13
-15c803a
-15457 (base 9) to base 7
-42565
What is -6bb87 (base 14) in base 8?
-1001453
Convert 31431244 (base 6) to base 8.
3410254
What is 114404104 (base 5) in base 7?
4424551
Convert 1302002 (base 5) to base 13.
b656
Convert 616a6 (base 14) to base 12.
b38aa
What is 422759 (base 10) in base 9?
713822
-33134021 (base 5) to base 4
-1012000221
What is -2a4cb8 (base 14) in base 8?
-5475422
20437467 (base 9) to base 3
200111021112021
Convert -5078154 (base 10) to base 13.
-108a533
What is 18115 (base 15) in base 6?
1400302
What is -44232302 (base 5) in base 14?
-9da56
Convert -11b28de (base 15) to base 13.
-2832959
What is -2222200 (base 6) in base 12?
-54960
What is 24221105 (base 6) in base 5?
143434042
Convert -51035112 (base 6) to base 9.
-2651778
Convert -143103313 (base 5) to base 8.
-2677657
Convert -3026625 (base 7) to base 6.
-11415120
What is -419e83 (base 15) in base 4?
-23322021231
Convert -30400012 (base 5) to base 13.
-884ac
20031023132 (base 4) to base 8
10151336
Convert -27b1bb7 (base 12) to base 3.
-112221122221211
What is 2012220031 (base 4) in base 15?
ad5c7
167352a (base 11) to bas